ulate j(b).
-12
Let m(p) = -p**3 - 10*p**2 - 1. Suppose h - 5 + 50 = -4*c, 2*h - 10 = 2*c. Calculate m(c).
-1
Suppose 2*i + 4*g = 136, 3*g + 0*g = 3*i - 204. Suppose -3*x - 4*z + 22 = 0, -3*x = -24*z + 25*z - 10. Let w be x/8 + i/(-16). Let c(p) = -p - 1. What is c(w)?
3
Let u(h) = -5*h + 8. Let y(v) = -17*v + 29. Let d(k) = 14*u(k) - 4*y(k). Calculate d(3).
-10
Let x(s) = s - 2. Suppose v = 4*v - 18. Suppose -3*n + v + 6 = 0. Suppose -f - 2*i = -6*i + 22, 46 = -5*f + n*i. Calculate x(f).
-8
Let r(i) = 5 + 5*i - 6*i + 6*i**2 - 5*i - 5*i**2. Suppose -11 = -l + 2*a, 4*l + 0*l = -5*a - 8. Let j = 9 - l. What is r(j)?
5
Let g(d) = 5*d**3 - 9*d**2 - 13*d - 31. Let p(c) = c**3 - 2*c**2 - 3*c - 8. Let z(a) = -2*g(a) + 9*p(a). Give z(0).
-10
Let z(d) = 6 + 2*d**2 + d**3 - 7*d - d**2 - 3*d**2 + 0*d**2 - 1. What is z(4)?
9
Let g(r) = 11*r + 83. Let u(p) = -17*p - 127. Let i(v) = -8*g(v) - 5*u(v). Calculate i(-8).
-5
Suppose -2*h = h - 63. Let a = h + -20. Let d(w) = -11*w**2 - 3*w + 1. Let z(k) = -32*k**2 - 8*k + 3. Let r(u) = 8*d(u) - 3*z(u). Give r(a).
7
Let k(v) = v**2 + 8*v + 4. Let s(g) = g**2 - 14*g. Let j be s(16). Suppose j*n + 21 = 29*n. Determine k(n).
-3
Let n(b) = -b**2 + 4*b. Let y = 22 + -11. Let l(u) = -u + 17. Let t be l(y). Determine n(t).
-12
Let k(y) = -y**3 + 3*y**2 - y. Suppose 17*g = -7*g. What is k(g)?
0
Let g(k) = k**3 + 4*k**2 + 3*k + 1. Let j(w) = -4*w**2 - 7*w. Let l be j(-2). Calculate g(l).
3
Let m(z) be the third derivative of 1/60*z**5 + 3/2*z**3 + 0 - z + 3*z**2 + 3/8*z**4. Calculate m(-8).
1
Let w(y) = -3*y**3 - 2*y**2 + 11*y - 5. Let n(j) = -j**3 - j**2 + 4*j - 2. Let b(t) = -11*n(t) + 4*w(t). Let f(a) = -6*a + 164. Let k be f(27). Determine b(k).
6
Let n = 23 + -15. Let l(y) = -n - 5 + 6 - y - 4. Determine l(-6).
-5
Let z(a) = -5*a**2 + 2*a**2 + 2*a**2 + 3 + 8*a**2. Let l(t) = -20*t**2 - 9. Let s(w) = 6*l(w) + 17*z(w). Give s(0).
-3
Suppose 27*d = -11*d - 9*d + 94. Let x(r) be the second derivative of -r**4/12 + r**3/2 - r**2 + r. Calculate x(d).
0
Let y = -17 - -8. Let g(h) = -h - 2. Let t be g(y). Let q(u) be the first derivative of -u**2/2 + 8*u + 22. What is q(t)?
1
Let y = 941 + -946. Let p(i) = i**2 + 2*i - 1. Determine p(y).
14
Let n be 8 - 0 - (-5 + 10). Let i(y) = 3*y**3 - 3 + 2*y**2 - 4*y - 7*y**2 - y**3 - 3*y**n. What is i(-2)?
-7
Let w(f) = -f**2 + 17*f + 3. Suppose -2*c = -3*t - 36 + 1, -4*c - 3*t + 61 = 0. Calculate w(c).
19
Let b(m) = m + 12. Let p be ((-8)/(-3) + -2)*(-16 + 19). Let s be 0/((p/(-3))/(20/30)). Give b(s).
12
Let h(q) be the third derivative of -5*q**4/24 - q**3 - 233*q**2. Determine h(5).
-31
Let v(p) = 4 - 2*p + 60*p**2 - 63*p**2 - 2*p + 5*p. Calculate v(4).
-40
Let p(s) = s**2 + 6*s + 3. Let n = -8 + 11. Suppose -l + 2 = 4*y - 2, -n*l + 32 = 2*y. Suppose -2*m - m = l. Give p(m).
-5
Let j(x) be the third derivative of -x**5/60 - x**4/8 - 5*x**3/6 + 13*x**2. Calculate j(-5).
-15
Let r(u) = -8 + 5 - 8 - u + 11 + 2*u**2. Determine r(2).
6
Suppose -1 = 2*y - 7. Suppose -p = 3*p + 4*s - 24, 4*s - 10 = y*p. Let d(c) = c**2 - c**2 - 9 - 2*c**p + 10 - 2*c. Calculate d(1).
-3
Let j(q) = 6*q + 95. Let l be j(-18). Let r(z) = -z - 15. What is r(l)?
-2
Let p(o) = o - 3. Let i be ((-2)/4)/(15/(-60)). What is p(i)?
-1
Let g(i) = -56 + 122 + 7*i + i**2 - 30*i - 16. What is g(21)?
8
Suppose 33*v - 57*v = 0. Let t(j) be the first derivative of -1 - 1/2*j**2 + 9*j. What is t(v)?
9
Let q(m) = m**3 + 5*m**2 + 2*m + 8. Let l(t) = -t**3 - 36*t**2 + 39*t + 69. Let g be l(-37). What is q(g)?
-2
Let t(a) = 3*a - 14. Let k(x) = 24*x - 111. Let r(h) = 4*k(h) - 33*t(h). Let s be r(7). Let l(u) = -u + 2. What is l(s)?
5
Let y(m) = m. Let n be y(1). Let p(g) = -g**2 - g. Let z(i) = -5*i**2 - 3*i - 3. Let q(j) = n*z(j) - 6*p(j). Suppose 0*w - 2 = -w. Give q(w).
7
Let u(k) = 1 + 43*k - 9*k - 39*k. Give u(6).
-29
Let b(r) = 2*r - 10. Suppose 4*c - 3 = 9. Determine b(c).
-4
Suppose z - l = 41, 4*z - 166 = 4*l - l. Let t = 47 - z. Let s(m) = -4*m + 5. Give s(t).
-11
Let o(u) be the first derivative of u**2/2 - u - 1. Let b be 46/12 + -3 - 9/(-54). Determine o(b).
0
Let h be 77/4 - (-21)/28. Suppose -8 = n + 4*w, -4*n - w + h = 2*w. Let c = -13 + n. Let l(s) = s**3 + 5*s**2 - 3. Determine l(c).
-3
Let c(i) = -i**3 + 3*i**2 + 12*i - 7. Let j(g) = -g + 1. Let z(o) = -5*o + 4. Let v be z(1). Let f(d) = v*c(d) - 5*j(d). What is f(5)?
17
Let m(i) = 27*i**2 - 8*i + 21*i**2 - 49*i**2. Suppose 3*q + 36 = -0*t - 4*t, t - q = -2. Give m(t).
12
Let d be ((-312)/208)/(-1 - 1/(-2)). Let y(c) = -4*c + 3. Calculate y(d).
-9
Let c(h) = 2*h**3 + h**2 - 2*h - 1. Let g be (-4)/(4 - 8) - (4 + -5). Calculate c(g).
15
Let y(f) = 2*f**3 - f**2 + 1 - f**3 - f + 0*f. Let d be (-8*(-2)/(-2))/((-5)/10). Suppose -3*k = -4*g - 23, -g + 4*k = d + 6. Give y(g).
-9
Let b(c) = -c**3 + 6*c**2 - 4*c + 2. Let v(u) = -3*u + 1. Let p be v(1). Let q be (24/(-30))/(p/(-25)). Let i be (q/4)/(4/(-8)). Calculate b(i).
7
Let a(p) = -p - 1. Let s(l) = -3*l**2 + 128*l + 43. Let r be s(43). Give a(r).
-1
Let i be (-1 + -3)*5/(-1). Let g = 14 - i. Let s(q) = -3*q**2 + 5*q + 6. Let d(x) = 8*x**2 - 15*x - 17. Let b(h) = 4*d(h) + 11*s(h). Calculate b(g).
-8
Let h be (12*(-2)/(-14))/((-20)/(-70)). Let q(g) = -2*g - 5 + 3 + 4 - h. Calculate q(-4).
4
Let i = 73 + -28. Let a(v) = -4*v**2 - 26*v - 1 + i*v - 18*v. What is a(1)?
-4
Let p(b) = b - 6*b**2 - 2 + 4 - 10*b. Let y(t) = -5*t**2 - 8*t + 3. Let i(v) = -4*p(v) + 5*y(v). Suppose -2*c + 2 = 12. Determine i(c).
2
Let z(g) = 17*g**3 + 5*g**2 + 7*g - 2. Let o(n) = 14*n**3 + 5*n**2 + 6*n - 2. Let a(s) = 5*o(s) - 4*z(s). Calculate a(-2).
-2
Let b(x) = -8*x - 19. Let u be b(-2). Let w(t) = t**3 + 5*t**2 + 3*t - 2. What is w(u)?
7
Suppose 5*h + 22 = -3. Let a(m) = -3*m**3 - 15*m**2 + 11*m - 24. Let d(q) = -2*q**3 - 10*q**2 + 7*q - 16. Let n(p) = h*a(p) + 7*d(p). Determine n(-6).
8
Let j(y) = y**3 + 2*y**2 + 2*y + 3. Let l be j(-2). Suppose 0 = -4*t + 3*t + 65. Let q(s) = -33*s + t*s - 38*s. Determine q(l).
6
Let j(p) = -p**3 - 4*p**2 + 4*p + 6. Let g = 22 + -15. Suppose 6*r - 2*r - 28 = -4*b, b + 5*r - 27 = 0. Let o be b/(g/((-70)/4)). Determine j(o).
11
Let n(f) = -5*f**3 - 6*f**2 - 7*f - 7. Let i(c) = -9*c**3 - 10*c**2 - 14*c - 12. Let d(a) = 6*i(a) - 11*n(a). What is d(-7)?
5
Let y(m) = 6 + 16 - 9*m + 22*m**2 - 21*m**2. Let c be y(7). Let i(p) = -4*p + 2. Give i(c).
-30
Let g = 2 + -1. Let q(a) = -3*a - 4. Let i(s) = -s - 1. Let t(m) = -12*i(m) + 3*q(m). Let j be t(g). Let n(c) = -c**3 + 4*c**2 - c + 4. Calculate n(j).
10
Let u(q) = 3*q - 2. Let h(k) = -k**2 - 34*k - 213. Let v be h(-8). Determine u(v).
-17
Let h(n) = 5*n**2 + 6*n + 2. Let i(b) = -9*b**2 - 9*b - 5. Let j(t) = -7*h(t) - 4*i(t). Let k(y) = -y - y + y + 0. Let a be k(-4). Give j(a).
-2
Let m(c) = -c**2 - 6*c + 1. Suppose s = 5*s + 4*b - 56, 4*s - b = 81. Suppose 14*l - 15 = s*l. Calculate m(l).
10
Let k(i) be the first derivative of i**2/2 + 6. Let r(w) = -w**2 - 5*w - 4. Let s(q) = -6*k(q) - r(q). Determine s(0).
4
Let s(f) = -f - 10. Suppose 28*l - 12*l = -224. Determine s(l).
4
Let d(v) = -v + 2. Let b(t) = t**3 + 15*t**2 + 15*t - 6. Let c be b(-14). Let r = -29 + 53. Let q = c + r. Calculate d(q).
-2
Let n = -6 - 0. Let k be 3*((-16)/n + -1). Suppose 9 = -k*f - 16. Let l(c) = c**3 + 6*c**2 + 4*c + 3. Give l(f).
8
Let g(p) = 3*p**2 + 5 - 2*p**2 + 2*p + 0*p. Let y be g(-3). Let c(m) = y*m**2 + 3 - 3*m - 9*m**2 - 4. Give c(-4).
-5
Let r be (-3)/(39/2) - 287/(-91). Let t = 1 - r. Let d(q) = -q**2 + 2*q + 2. Give d(t).
-6
Let d(g) = g**2 - 2*g - 4. Let h be d(-3). Let m = 0 - h. Let r = -13 - m. Let o(q) = -q - 4. Determine o(r).
-2
Let h(x) be the third derivative of x**4/24 + 2*x**3 + 286*x**2 - x. Give h(-10).
2
Let r(z) = -z - 18. Suppose -193 = -2*u + a - 15, -5*u = -3*a - 446. Let n = -96 + u. What is r(n)?
-10
Let m(x) = x**3 + 2*x**2 - 4*x + 21. Let f be m(-4). Let y(c) = c - 2. What is y(f)?
3
Let t(u) = -u**2 - 4*u - 1. Let a = -430 + 429. What is t(a)?
2
Let z(o) = o**3 + 5*o**2 - 2*o + 5. Let w be (-480)/(-64)*(-1 - (-1)/3). What is z(w)?
15
Let p(g) be the third derivative of g**6/720 + g**5/120 + 17*g**4/24 - 18*g**2. Let v(h) be the second derivative of p(h). Determine v(7).
8
Suppose 6*l - 7*l = -14. Let w(n) = 25*n**3 - 23*n**3 - l*n + 12*n. Ca